what is 220223 - 3033023?
-2212200
In base 8, what is 5 - -33416175?
33416202
In base 15, what is -128 + -2e8c5c?
-2e8d85
In base 15, what is c2d817 - 1?
c2d816
In base 12, what is 66 - b08a70?
-b08a06
In base 11, what is -989786 - -16a?
-989617
In base 16, what is -4 + -3e3051?
-3e3055
In base 11, what is 125139 + 5a?
125198
In base 7, what is -4 - 10426425?
-10426432
In base 3, what is -212012110010110 - -101?
-212012110010002
In base 14, what is 3c + bb53?
bb91
In base 5, what is 12130 + 1324314?
1341444
In base 11, what is -235 - 76a82?
-77207
In base 10, what is -820 - -25533?
24713
In base 7, what is 23 - -52115141?
52115164
In base 5, what is -2 + 1102013200?
1102013143
In base 2, what is -1010 + -1001001111110001011?
-1001001111110010101
In base 9, what is 67043 + -8052?
57881
In base 12, what is 45 + 102279?
102302
In base 4, what is 212 + -33330320221?
-33330320003
In base 15, what is -39dc07 - -1b?
-39dbdb
In base 13, what is -1 + 5494228?
5494227
In base 10, what is 3 + -3787394?
-3787391
In base 6, what is -14 + -21541020?
-21541034
In base 7, what is -41 - 2216355?
-2216426
In base 3, what is -112102101 + 2112011?
-102220020
In base 15, what is -37dae - 19?
-37dc8
In base 2, what is 100100111101010110101 + -1100100?
100100111101001010001
In base 10, what is -296 - 23648?
-23944
In base 14, what is 310 - -15490?
157a0
In base 11, what is 4342491 + -36?
4342456
In base 2, what is -10010110001001010101100011110 + 0?
-10010110001001010101100011110
In base 6, what is 2030435 - 30?
2030405
In base 6, what is -3 - 4440004132?
-4440004135
In base 6, what is -2415400032 - -2?
-2415400030
In base 11, what is 11719 + 5767?
17385
In base 3, what is 12 - -10101201221022?
10101201221111
In base 5, what is 4 - 3313043303?
-3313043244
In base 2, what is -10101111111011001 + 11000101?
-10101111100010100
In base 3, what is -2010 + 1210002110220011?
1210002110211001
In base 4, what is -1112 + -11301022?
-11302200
In base 6, what is -1335 - -355151?
353412
In base 15, what is 0 + 220de63?
220de63
In base 5, what is -4 - -232240201024?
232240201020
In base 5, what is 142331442 + -10?
142331432
In base 2, what is -1110001011101010 + 10100010010000?
-1011101001011010
In base 15, what is -1b40b - -e3d?
-1a4bd
In base 12, what is -691 - 1a42?
-2513
In base 5, what is 40014132 + 1101?
40020233
In base 7, what is 2163512 + 33?
2163545
In base 8, what is -2 - 105142304?
-105142306
In base 10, what is 0 + -77693408?
-77693408
In base 8, what is -5774 - 126070?
-134064
In base 9, what is -1 + 123801844?
123801843
In base 11, what is -143313332 - -4?
-143313329
In base 6, what is -550 - -155535?
154545
In base 7, what is 2262656 - -446?
2263435
In base 8, what is 3636630 + 4?
3636634
In base 2, what is 100011111111 + -1001111111010?
-101011111011
In base 10, what is 126 - 6387?
-6261
In base 10, what is 11598830 + -1?
11598829
In base 3, what is 1100010102012222222 + 10?
1100010102020000002
In base 7, what is -132322 + 33213?
-66106
In base 2, what is 100 + 1111101110111100010?
1111101110111100110
In base 6, what is 2 + -240424415?
-240424413
In base 9, what is -1 - -24668432?
24668431
In base 3, what is 210111222101010 + 0?
210111222101010
In base 13, what is bc + -1023b8?
-1022c9
In base 2, what is 10 + 111000101101011101011?
111000101101011101101
In base 16, what is -13fa2 - 25?
-13fc7
In base 3, what is 21 - 1200112201001?
-1200112200210
In base 10, what is -677 - 142830?
-143507
In base 2, what is -111110110000100111111000 + 1?
-111110110000100111110111
In base 5, what is 20 + -22020024?
-22020004
In base 10, what is -105576 + 361?
-105215
In base 4, what is -21 + -11011000332032?
-11011000332113
In base 6, what is -2415 + 2333111?
2330252
In base 10, what is 21 + -5778275?
-5778254
In base 6, what is -3 + -22521114423?
-22521114430
In base 15, what is -407 + 8d87b?
8d474
In base 7, what is -33402 + -1133?
-34535
In base 6, what is 20020405 - -14?
20020423
In base 8, what is 5376 + -11031?
-3433
In base 8, what is -3252545442 - -1?
-3252545441
In base 13, what is -2369c + -1ab1?
-25480
In base 11, what is -375594 - 422?
-375a06
In base 4, what is 3131 - 2200?
331
In base 8, what is 2317253 - 6?
2317245
In base 8, what is -376 - 311625?
-312223
In base 14, what is 14 + 128a6d?
128a83
In base 2, what is 1110000000101110111101110010 + -101?
1110000000101110111101101101
In base 2, what is -11000100 - -11100000000110111001110?
11100000000110100001010
In base 9, what is -12134 + -13147?
-25282
In base 13, what is -360040 - -1?
-36003c
In base 6, what is 443104 + 2430?
445534
In base 8, what is 25 - -2204256?
2204303
In base 15, what is -1461c - 8b?
-146a8
In base 7, what is 5 - -61162122?
61162130
In base 4, what is 3 + -1023233120?
-1023233111
In base 5, what is -2 + 2243412042?
2243412040
In base 13, what is -16 - b7a1c0?
-b7a206
In base 8, what is -2 + 6736544?
6736542
In base 16, what is 114d + -9a9?
7a4
In base 16, what is 0 + -83471?
-83471
In base 5, what is 0 - 13204013042?
-13204013042
In base 10, what is 4114 + -284?
3830
In base 5, what is 23 + -314421?
-314343
In base 10, what is 2200 - 208650?
-206450
In base 8, what is -4712 - -4072?
-620
In base 8, what is -1 + 447232073?
447232072
In base 16, what is 16 + -300733?
-30071d
In base 8, what is 124344 + -76?
124246
In base 2, what is -111111011100100101100000011 - -1?
-111111011100100101100000010
In base 16, what is -20036f + 62?
-20030d
In base 11, what is 368 - 13a3?
-1036
In base 10, what is 49045 - 3818?
45227
In base 10, what is -1 + -17923625?
-17923626
In base 8, what is -53 - 30542?
-30615
In base 3, what is 221201112211 + 21?
221201120002
In base 4, what is 222231 - 232013?
-3122
In base 14, what is -216c + 3047?
cb9
In base 15, what is 3 - -74726b3?
74726b6
In base 9, what is 26 - 2250102?
-2250065
In base 5, what is 221141 + 10310?
232001
In base 3, what is 0 + -20202200111012122?
-20202200111012122
In base 13, what is 1c2786 - -15?
1c279b
In base 15, what is -a4bd - 10a?
-a5c8
In base 7, what is -624043 - -360?
-623353
In base 9, what is 1 + -17162774?
-17162773
In base 10, what is 0 + -460644?
-460644
In base 6, what is 3 + 55240221?
55240224
In base 16, what is -fde3 + 1ba?
-fc29
In base 5, what is 220313 + 1301114?
2021432
In base 6, what is -442402 + 3?
-442355
In base 12, what is -31 + -9658bb?
-965930
In base 11, what is -65 + -a9a96?
-aa050
In base 7, what is 14004 - -43555?
60562
In base 10, what is -2034576 - -11?
-2034565
In base 9, what is 13735 - 316?
13418
In base 3, what is -11010002201220121 - 2?
-11010002201220200
In base 15, what is 6a999 + 6?
6a9a0
In base 13, what is -97 - -73b93?
73ac9
In base 13, what is -230 - -68c?
45c
In base 15, what is 4 + -29d712?
-29d70d
In base 15, what is 2 + 3bb9ad?
3bb9b0
In base 16, what is -2b046ed + -5?
-2b046f2
In base 7, what is 206303 + 122?
206425
In base 14, what is 3b - -2766b8?
276715
In base 13, what is 1 - 46b704?
-46b703
In base 14, what is 1b7 + -25642?
-25469
In base 10, what is -2 - 952123?
-952125
In base 8, what is 7550 + -1104241?
-1074471
In base 7, what is -11030341 + -3?
-11030344
In base 8, what is 3466540 - -131?
3466671
In base 2, what is -10101 - -101100111111000100110?
101100111111000010001
In base 14, what is -7246d21 + 3?
-7246d1c
In base 2, what is 100 + -111010011101001100011110?
-111010011101001100011010
In base 9, what is 354800863 - -2?
354800865
In base 11, what is -155a + 119819?
11826a
In base 9, what is 307020 + 3070?
311100
In base 6, what is -23 - 2255424?
-2255451
In base 14, what is -375 - 948?
-cbd
In base 10, what is -26 + 388703?
388677
In base 5, what is -10101333 + -1041?
-10102424
In base 12, what is -229 - -1abb1?
1a984
In base 6, what is 10 - 100310331?
-100310321
In base 5, what is 30 + -340012021?
-340011441
In base 10, what is 6 - 27749574?
-27749568
In base 14, what is -595087 + 4?
-595083
In base 4, what is 332 + -131301202?
-131300210
In base 16, what is -1 + 5f2ade7?
5f2ade6
In base 7, what is 132660312 + 43?
132660355
In base 3, what is -2201020210212210 - -2?
-2201020210212201
In base 11, what is 487911a19 - -4?
487911a22
In base 9, what is 2 + -132104?
-132102
In base 15, what is -298624e + b?
-2986243
In base 3, what is -2212011 - 2010201001?
-2020120012
In base 9, what is 6